r?
True
Suppose -o - 20408804 = -4*u, u - 6*o = -7*o + 5102201. Is u prime?
False
Let d = 17309 + -1608. Is d a composite number?
True
Suppose 91099 = 5*d + 4*o - 6*o, o = -2. Is d a prime number?
False
Let t(s) be the third derivative of 38*s**5/3 + s**4/8 + 4*s**3/3 - 19*s**2. Is t(-3) a composite number?
True
Let n = 3 + 8. Suppose 6*u = n*u - 1465. Suppose 4*s = 3025 - u. Is s prime?
True
Let v(u) be the first derivative of -609*u**2/2 + 8*u - 3. Let s(t) = -19*t + 16. Let r be s(1). Is v(r) a prime number?
False
Suppose -268 = -8*f + 12. Let c(w) = 2*w**2 - 8*w + 139. Is c(f) composite?
False
Let n(r) = -r**2 + 17*r - 6. Suppose -27 = -5*x + 53. Let z be n(x). Suppose -z*b = -5*b - 2335. Is b a composite number?
False
Suppose 6*m - 16352 = -2*m. Let f = -458 + m. Let d = -337 + f. Is d a prime number?
True
Let t(j) = 14*j**2 - 121*j - 20. Is t(41) a prime number?
True
Let f = -2637 - -3969. Suppose 2*t - 664 = -4*v, 4*t - 8*t + f = 4*v. Is t composite?
True
Let v be ((-867)/(-9) - 5)/(2/9). Let f = v + -354. Is f a prime number?
False
Let f = -1225724 + 1829713. Is f prime?
True
Suppose 61*g + 6056908 = 8827039 + 15847618. Is g prime?
True
Is 1078503/(-9)*(10 + -13) composite?
False
Suppose 8*y - 38327 - 3225 = 0. Let g = 7648 - y. Let d = g - 1615. Is d prime?
True
Let w = -13355 - -38446. Is w composite?
True
Let x(y) = -y**3 + 2*y**2 + 5999. Let w = -140 - -140. Is x(w) composite?
True
Suppose 2*t = 5*t. Let n be -1 - (-1 + 4) - t. Is 1/(24180/6044 + n) a composite number?
False
Suppose -13 = 2*z + 57. Let d = -32 - z. Suppose 0 = -5*c - 4*s + d*s + 3906, 0 = 4*s - 4. Is c a composite number?
True
Suppose 1566 = -48*b + 51*b. Suppose -4*v + 1292 = -4*x, x - b = -5*v + 1069. Is v a prime number?
False
Suppose 0 = -3*k - 2*k + 40. Suppose -2*t - 8 = 2*j, 20 = 5*t + 3*j - k*j. Suppose 3*l - 2719 = 4*d, 5*l + 4*d = -t*l + 4585. Is l a prime number?
False
Let q(s) = s**3 - 37*s**2 - 70*s - 2179. Is q(89) a prime number?
True
Suppose 12*s = 5*s + 35. Suppose j - s = 5*l - 4*j, 4*l + 18 = -3*j. Is ((-2)/(-2) - -72)/((-1)/l) prime?
False
Suppose -k = -20 + 19. Let d be -1 + 1 - k - (4 + 4). Is (-753)/d*-2*27/(-6) a prime number?
False
Let v(p) = -44*p**2 - 71*p - 38. Let j be v(35). Let s = 81264 + j. Is s a composite number?
False
Let v(x) = -x**3 - 59*x**2 - 95*x - 444. Is v(-77) prime?
False
Let c = -33323 - -326036. Is c a prime number?
False
Suppose 2*p - 2637 = p + 2*j, -4*p + 4*j = -10536. Let a = p + -1414. Is a a prime number?
True
Let c = 7 + 9. Suppose -2*h + 16 = c. Suppose -2931 = -h*k - 3*k. Is k composite?
False
Let j = -45814 + 114275. Is j a composite number?
True
Suppose -30 = -2*l + 28. Suppose -l = -5*o + 2*d, -2*d = -o + 5 - 4. Suppose o*m + 10859 = 38866. Is m a composite number?
False
Suppose -203*b + 82916196 = 8334199. Is b prime?
False
Let a = -1937 - -1349. Let y = a - -1277. Suppose 14 + y = l + 3*j, 2*j = l - 713. Is l prime?
True
Suppose -12*p + 8*p + 100665 = 3*b, 0 = 4*b - 4*p - 134220. Suppose -h = -4*h + b. Is h prime?
False
Let t = -104 + 106. Suppose 121 + 92 = t*u - f, u + 3*f = 124. Is u a composite number?
False
Let r = 399788 - 275575. Is r a composite number?
False
Suppose -19*d + 46*d - 5049 = 0. Suppose -185*q - 4358 = -d*q. Is q composite?
False
Let h(x) = -347*x + 502. Is h(-21) composite?
False
Suppose f = -3*c - 7, 2*c - 7 = -17. Let t(x) = x**2 + 7*x - 2. Let w be t(-5). Is 1999/3 - f/w a composite number?
True
Let g = -425 - 1676. Let k = 1665 + -1667. Is (-1)/(g/3147 - k/3) prime?
True
Suppose 49*o = 9*o + 1205268 + 2142292. Is o a composite number?
False
Suppose 4*b = -13*i + 16*i - 237479, 0 = -5*i - b + 395783. Is i prime?
False
Let o(s) = -5 + 1412*s**2 - 7*s - 10*s**3 - 1412*s**2. Is o(-2) prime?
True
Is (-6 - (-221)/17) + 3 + 596371 composite?
True
Suppose -70*z = -64*z - 303330. Is z a prime number?
False
Suppose 33 - 81 = -4*o. Let k(j) = 292*j - 115. Is k(o) a composite number?
False
Suppose -4*d = -5*w + 51283, 5*w + 27*d - 25*d = 51271. Suppose 2*r = 9*r - w. Is r composite?
True
Let b(c) = 455*c**2 + 10*c - 19. Is b(-14) composite?
False
Let r(w) = -2664*w - 1. Is r(-35) a prime number?
True
Let y = 20672 - -8457. Let n = y + -15676. Is n a composite number?
True
Let w be 324/72*(432538/6 - -1). Suppose 0 = -15*y - 9*y + w. Is y prime?
False
Suppose -k - 4*m = 18, -4*k - 2*m - 6 = -4. Suppose k*h = h + 441. Suppose -328 = -3*u - 5*s, u - 5*u = 3*s - h. Is u prime?
False
Let q(s) be the second derivative of -2077*s**3 - 25*s**2/2 - 332*s. Is q(-1) a prime number?
True
Suppose -3*w + 19060 = 5*k + 59312, 13420 = -w - 3*k. Let x be (-16)/(-32) + (-1)/((-4)/w). Is -7 + 8 - (x + 1) a composite number?
True
Let r(b) be the second derivative of b**4/2 - b**3/3 + 2*b**2 - b. Let i(s) be the first derivative of r(s). Is i(8) prime?
False
Is 319851/(-42)*4*(-5)/30 prime?
True
Suppose 0 = 3*l - 0*l - 18. Suppose 8*d = l*d. Is (2 + d)/(5/((-5275)/(-10))) composite?
False
Let b = 7420 - 3630. Suppose -2*g + b = 5*o - 176, -g + 2001 = -2*o. Is g a prime number?
True
Suppose -236 = -5*s + 18979. Suppose -7*r - s = -5*m - 3*r, 4*m + 3*r - 3062 = 0. Is m a prime number?
False
Suppose -4*q = -46472 - 56700. Is q a prime number?
True
Suppose 0*u - s + 60768 = 5*u, 2*s + 12147 = u. Suppose -8*q + u = -59375. Is q a prime number?
True
Let w(z) = -6845*z + 33. Let v be w(3). Let y = -14275 - v. Is y a composite number?
True
Let d = 22996 + 30657. Is d a composite number?
False
Let p = -29689 - -15105. Let u = 32885 + p. Is u a composite number?
False
Suppose o = -5*v + 4, o = 2*v + 5 - 1. Let c(m) = m**2 - 14*m + m**2 + 1 + v*m. Is c(17) a composite number?
True
Let d = 1053555 - 687788. Is d prime?
False
Suppose 7*k = 2*b + 2*k + 232, -3*b - 348 = 3*k. Let n = -105 - b. Suppose -15*z + n*z + 16788 = 0. Is z a composite number?
True
Let w = 70977 - 37895. Suppose -3*k + 17*k - w = 0. Is k a prime number?
False
Let b(z) = -380*z - 17. Let u(j) = -j**2 + 24*j - 48. Let q be u(22). Let h be 10/(1 - (7 + q)). Is b(h) prime?
False
Let y be ((-204)/170)/(-1 - (-6)/10). Let h(v) = 223*v + 22. Is h(y) composite?
False
Suppose -7*k = -3*k + 4*b - 12, -k + 6 = 4*b. Suppose 5*o - l = k*o + 15815, 4*l = 16. Is o a composite number?
False
Suppose 4*r - 3*y - 52 = -0*y, 5*r - 65 = -4*y. Let d(i) = 44*i + 9 - r*i + 19*i. Is d(8) composite?
False
Let v be 1736/35*(-25)/(-10). Suppose 2*k - 3*k + v = 4*n, 0 = -3*n - 2*k + 93. Is n prime?
True
Is ((-2)/(-7) - (-400)/(-175))*(-375671)/2 composite?
True
Let s = 1305 - 2555. Let p = -691 - s. Is p a prime number?
False
Is 2*(11 + 3783184/32) a composite number?
False
Let l(i) = 24*i**2 + 368*i + 57. Is l(50) prime?
False
Let o(d) = -19*d**3 - 63*d**2 - 64*d + 219. Is o(-25) composite?
True
Suppose 9*u - 615569 = -5*s + 13*u, 3*s + 3*u = 369336. Is s prime?
True
Suppose 9*i - 4972 = 608. Let l(t) = 7 - i*t - 65*t - 3 - 78*t. Is l(-1) a prime number?
False
Let j be (-5)/(-2) + -2*97935/(-4). Let m = -21621 + j. Is m a prime number?
False
Suppose 5*h = -6*h + 43582. Suppose 2*n = 3*r - 3997, 24*n - h = -3*r + 19*n. Is r a prime number?
False
Suppose f - 5*f - 230 = -2*n, 0 = -2*n + 6. Let l = f + 52. Is 1608/4*(3 + 10/l) prime?
False
Suppose 0 = 4*v + s - 17, -v = 4*s - 8. Suppose 0 = 4*o - 4*l - 4, -5*o - 5*l = 16 + 9. Is (3 + 507/(-6))/(o/v) a composite number?
False
Let v be 21496/10 - (-14)/35. Let o = -1336 + v. Suppose -3*k + o + 1133 = 0. Is k a prime number?
False
Suppose -16*c = -18*c + 44*c - 37817178. Is c composite?
False
Let z(j) = 38*j**2 + 71*j + 965. Is z(-10) a prime number?
False
Let u be -19 - -16 - (1 + -9). Suppose -u*x = 3*a - x - 4, 4*a + 36 = 5*x. Let s = a - -7. Is s prime?
True
Let h(s) = -s**2 - 4*s + 5. Let p be h(1). Suppose 0 = 2*m + y - 7, -5*m = -3*y - 10 - 2. Suppose -z - m*u + 2*u = -571, p = -2*u. Is z a prime number?
True
Let o = 3142 - -11875. Is o a composite number?
False
Let h = -41485 - -209196. Is h prime?
True
Suppose 2*c + 4*q - 231 = 751, 4*c - 4*q - 1916 = 0. Let z = 1204 - c. Is z a composite number?
True
Let q be ((-7)/((-70)/15))/((-3)/44). Let g(t) = -t**3 - 22*t**2 - t - 21. Let v be g(q). Is (2 - 2) + 586 + 2 + v a prime number?
False
Let h(y) = -5*y - 3. Let p be h(-2). Suppose 213 = -p*c + 45. Is (c/(-12))/(-4*(-2)/1468